 prime factors of s(39).
2, 31, 181
Suppose -8532 = -0*z - 3*z. Suppose -3*j - 3*u = 33, 4*u - 40 = -5*j + 7*j. What are the prime factors of z/28 + 8/j?
101
Suppose -y = 4*b - 22585, 2*y - 20952 = -5*b + 24227. What are the prime factors of y?
59, 383
Let r(y) = -6*y + 19. Let v be r(2). What are the prime factors of 42/(-98) - (-2201)/v?
2, 157
What are the prime factors of (3*(-45096)/36)/((-4)/6)?
3, 1879
Let n = -22240 + 41516. What are the prime factors of n?
2, 61, 79
Let s be 1*-1 + (-12)/(-6). Let r be (-2 - (-2 + 13)) + 1/s. Let z = 53 + r. List the prime factors of z.
41
Suppose -5*r + 18 + 7 = 0. Suppose 147 = r*v - 1988. List the prime factors of v.
7, 61
Let s = 9646 + -4981. Let g be 3/(-4) - s/(-60). Suppose -3*c + g = -211. List the prime factors of c.
2, 3
What are the prime factors of 1/((-30)/(-165) + 10/66) - -10934?
10937
Let q = -577 + 274. Let z = q + 315. What are the prime factors of z?
2, 3
List the prime factors of (-36 + 2)/((125/(-1625))/(62/2)).
2, 13, 17, 31
Suppose 0 = -2*h - 2*c + 2396, 3*h - 2*c = 4*h - 1196. Let d = h - 722. Suppose 5*s = d - 53. List the prime factors of s.
5, 17
Let n be (-756)/(-44) + 10/(-55). Suppose -4*b - 49 = -n. List the prime factors of 83 + 12/21*(-28)/b.
5, 17
Suppose -3*m - 4 = 5*o, -2*m + o + o + 8 = 0. Suppose -23 = m*i - 35. List the prime factors of 292*((-3)/(-18))/(4/i).
73
Let d be (-7)/(-14) - (-1 + 3339/2). Let y = -417 - d. List the prime factors of y.
3, 139
Let l(j) = 857*j**2 - 247*j - 246. What are the prime factors of l(-1)?
2, 3, 11, 13
Suppose 19 = 19*a - 17*a + 5*p, -a - 1 = -p. Suppose 639 = 5*z + 3*m - 101, 5*z + a*m - 740 = 0. What are the prime factors of z?
2, 37
Let f(s) = 60*s**2 + 6*s - 87. List the prime factors of f(18).
3, 13, 499
Suppose 0 = -3*u + 12, -4*u + 28 = 2*a - 80. Let y = a + 57. List the prime factors of y.
103
Let q(o) = 122*o**2 - 59*o - 167. List the prime factors of q(11).
2, 19, 367
Suppose -492 = 4*j + 5*v, -4*j - 500 = -2*v + 5*v. Let a = 625 + j. List the prime factors of a.
7, 71
List the prime factors of ((-36128)/(-24))/((-2)/(-3))*4.
2, 1129
What are the prime factors of (273508/808)/((-2 + 3)/32)?
2, 677
Let y(p) = 5*p**2 + 7*p**3 + p + 2*p - 3*p**3 + 4 - 3*p**3. Let i be y(-5). Let t = i - -19. What are the prime factors of t?
2
Let m(f) be the third derivative of 29*f**4/12 + 67*f**3/6 + 76*f**2 + 1. List the prime factors of m(6).
5, 83
Let n = 16084 + -8954. What are the prime factors of n?
2, 5, 23, 31
Let v(h) = -186*h - 2637. List the prime factors of v(-38).
3, 7, 211
Let g = 27675 - 3118. List the prime factors of g.
13, 1889
What are the prime factors of (6 - 7736/(-10)) + (-4)/(-10)?
2, 3, 5, 13
List the prime factors of (8 + -14 - (-38)/6) + 27308/3.
9103
Let w = 224 - 225. What are the prime factors of w/(-2)*(1 - 0)*606?
3, 101
Suppose -8*t = -147*t + 515134. List the prime factors of t.
2, 17, 109
Suppose j - 51088 = -2*s, 142*j - 138*j = -s + 25565. List the prime factors of s.
25541
Let a(w) = -42*w + 55. Let y(t) = -84*t + 110. Let c(f) = 7*a(f) - 4*y(f). What are the prime factors of c(12)?
449
Let y = 104760 - 58842. List the prime factors of y.
2, 3, 2551
Suppose s - 746 = -66. Let y = 705 - s. List the prime factors of y.
5
Suppose 4*o + 41170 = 2*d, 3*o - 56707 - 25666 = -4*d. List the prime factors of d.
59, 349
Suppose 537 = 4*a - 551. Suppose -2*f - 82 = -h + 283, 5*f - h = -917. Let s = a + f. List the prime factors of s.
2, 11
Suppose 209 = -2*j - 3*j + 4*s, -2*s - 53 = j. Let k = j + 237. Suppose 2*h - k = -24. What are the prime factors of h?
2, 3, 7
Let a = 181 + -96. Let c = a - 58. Suppose c*b = 28*b - 212. What are the prime factors of b?
2, 53
Let r be 12/(-15) - 10184/95. List the prime factors of ((-54)/r)/((-2)/(-2564)).
641
Let j = -25 - -28. Suppose j = 4*y + t + 48, 4*t + 48 = -5*y. Let a = -10 - y. List the prime factors of a.
2
Let o = 4738 - -6913. What are the prime factors of o?
61, 191
Let c be (696/(-203))/((-4)/(-14)*-1). Suppose -c*h = 4*h - 8528. What are the prime factors of h?
13, 41
Let w = 51675 - 28796. List the prime factors of w.
137, 167
Suppose 15*p - 16*p - 18 = 0. Let n be (-175)/(-45) - 2/p. Suppose q - 3*o - 16 = -o, 52 = 4*q + n*o. List the prime factors of q.
2, 7
Let o(u) = -u**3 + 9*u**2 + 10*u + 2. Let z be o(10). Let t be 68/272 - 7*z/(-8). List the prime factors of (35 - -18)/(t/10).
5, 53
Let d = -618 - -750. List the prime factors of 7/(-4) + 60291/d.
5, 7, 13
Suppose -27*o + 9 = -2*n - 24*o, 5*n + 2*o = 25. Suppose n*v = -5*m + 601, v + 44*m - 47*m = 191. What are the prime factors of v?
197
Let o(a) = 13*a - 85. Let r be o(7). List the prime factors of r + 3/((-15)/(-415)).
89
Let w(n) = -2*n + 8532. Let m be w(0). Let l = 16064 - m. List the prime factors of -2*l/(-72) + (-4)/18.
11, 19
Suppose 59 - 16 = f - b, 3*f - 125 = 2*b. Suppose 3159 = -f*z + 48*z. List the prime factors of z.
3, 13
Let h be (-20)/(-24)*4*(-12)/(-10). Suppose -2*v + 5*w = -512, -w = h*v - 425 - 621. What are the prime factors of v?
3, 29
What are the prime factors of 98/833 - ((-105143)/17 - 2)?
23, 269
Suppose 3*l - 161577 = -3*g, 59318 + 48396 = 2*l - 2*g. What are the prime factors of l?
2, 7, 3847
Suppose -132*k + 133*k - 4*l = 11930, -4*l + 35790 = 3*k. List the prime factors of k.
2, 5, 1193
Let g = -15 + 33. Suppose g = 8*t + t. List the prime factors of t/11 - ((-27216)/(-77))/(-3).
2, 59
Suppose -42*v = -1377748 - 230213 - 627699. What are the prime factors of v?
2, 5, 5323
Let b(q) = -1022*q - 2958. List the prime factors of b(-14).
2, 5, 227
Let v(k) = -2*k**3 + 54*k**2 - k + 32. Let s be v(27). What are the prime factors of (s - -1)*13/6?
13
Suppose -4*s + 31*l + 34166 = 28*l, 0 = 2*s + 4*l - 17094. What are the prime factors of s?
8543
What are the prime factors of (-7)/(224/(-1840))*1208/5?
2, 23, 151
Let a = -185 + 203. Suppose 1082 = a*w - 2932. List the prime factors of w.
223
Let k(m) = -2*m + 2. Let t(n) = -2*n + 2. Let w(l) = 3*k(l) - 4*t(l). Let j be w(1). Suppose j*x - 10*x + 1820 = 0. List the prime factors of x.
2, 7, 13
Suppose 5*i = 4*s - 12, 2*s - 2*i = -2*s. Let u be 23 + (-1 - -3)/(1/s). Let k(l) = l + 3. What are the prime factors of k(u)?
2, 11
Let s = 63983 + -34153. List the prime factors of s.
2, 5, 19, 157
Let q = 1949 - 33. Let n = -1337 + q. What are the prime factors of n?
3, 193
Let n = -4557 + 7236. List the prime factors of n.
3, 19, 47
Let q be (7/(-6) + (-5)/(-10))*-3. Suppose -s + 1365 = q*m, 5*s = 3*m + 2876 + 3988. List the prime factors of s.
3, 457
Let o = 9747 - -16465. What are the prime factors of o?
2, 6553
Suppose t = -0*f - 3*f + 10, f - 4*t - 12 = 0. Suppose -r - r = -f*w + 4258, -5*r + 1070 = w. List the prime factors of w.
3, 5, 71
What are the prime factors of 43/((-14663)/(-21441420)) - 8/124?
2, 149, 211
Suppose -3*v + 19 - 1 = 0. Suppose v*m - 2*m - 820 = 0. Suppose -m = o - 6*o. What are the prime factors of o?
41
Suppose 2*n = -0*n + 6. Suppose -46 + 74 = 4*b - 4*p, b - 27 = -4*p. Suppose -n*w - 184 = -b*w. What are the prime factors of w?
23
Suppose 6*a - 2144 + 40958 = j, 4*j = -4*a + 155004. List the prime factors of j.
2, 3, 5, 17, 19
Suppose 5*z = 17 - 762. Let b be (-24)/(-18) + (-1936)/(-6). Let j = b + z. List the prime factors of j.
5, 7
Suppose -135*r = 4*v - 130*r - 48088, 5*v - 60110 = 4*r. What are the prime factors of v?
2, 6011
Let l = -25 - -20. Let s = -14 - l. List the prime factors of (-4)/(-1) + 7 + s.
2
Let p(o) be the third derivative of -o**5/60 + 3*o**4/8 + 181*o**3/3 + 5*o**2. What are the prime factors of p(0)?
2, 181
Let p(b) = -177*b + 1. Let s(m) = 352*m - 1. Let w(h) = 14*p(h) + 6*s(h). What are the prime factors of w(-1)?
2, 11, 17
Let m(p) = -p**3 + 14*p**2 - 9*p - 8. Let s be m(13). Let b be (-6 - s/(-8)) + 243/2. Suppose 7*u - b = 229. What are the prime factors of u?
2, 5
Let t = -442 + 773. Let b = -233 + t. What are the prime factors of b?
2, 7
Let f(i) = 10*i**3 - 2*i**2 - 32*i - 12. Let c(g) = -21*g**3 + 4*g**2 + 65*g + 25. Let u(h) = -2*c(h) - 5*f(h). What are the prime factors of u(-5)?
2, 5, 7, 13
List the prime factors of ((-5)/(-15) - 10/30) + 7*2165.
5, 7, 433
Suppose -5*o = 2*l - 15568, -81*l + 77*l = -5*o - 31046. What are the prime factors of l?
17, 457
Let y = 25